 - -10. What is j(r)?
3
Let u(p) = p**3 + p**2 + 6*p - 4. Let c(j) = j**2 + j. Suppose 2*b - 5*b = -3. Let y(t) = b*u(t) - 4*c(t). Let a be (2 - 5)/(0 + -1). Determine y(a).
2
Let j(y) = -2*y**2 - 5*y + 12. Let x(z) = z**2 - z - 1. Let p(d) = j(d) + 3*x(d). Let v(u) = u + 18. Let s be v(-12). What is p(s)?
-3
Let x(j) be the second derivative of 3*j**4/4 + j. Suppose 15 + 13 = 28*w. Give x(w).
9
Let x(z) be the first derivative of 2*z**3/3 - 3*z**2/2 - 4*z + 12. Give x(3).
5
Let m(k) be the second derivative of 0 + 1/2*k**3 + k**2 + k - 1/30*k**5 + 1/12*k**4 - 1/120*k**6. Let p(a) be the first derivative of m(a). Calculate p(-2).
-1
Suppose 7 = 2*a - k, 2*a - 5*k + k - 10 = 0. Let q(l) = 5*l**3 + 2*l**2 - 4*l. Let s(p) = -9*p**3 - 3*p**2 + 8*p - 1. Let j(n) = 7*q(n) + 4*s(n). What is j(a)?
-1
Let g(r) = r**3 - r**2 - r - 1. Let x(d) = 5*d**3 - 2*d**2 - 2*d - 4. Let w(h) = -3*g(h) + x(h). What is w(1)?
3
Let n = 1 - 5. Let t(y) = y**3 + 5*y**2 + 4*y + 3. What is t(n)?
3
Let f(h) = h + 1. Let a(i) = -i**2 - 8*i + 4. Let q be a(-8). Suppose 0 = -4*u + q*v - 4, 0 = -4*v - 4 - 8. Give f(u).
-3
Let c(d) = d**2 - 4*d + 3. Let f(r) = 4*r**2 - 13*r + 9. Let t(u) = -7*c(u) + 2*f(u). What is t(-4)?
5
Let c(a) be the third derivative of -1/120*a**6 + 1/24*a**4 + 0 + 2*a**2 + 0*a + 1/60*a**5 + 0*a**3. Calculate c(1).
1
Let q(m) be the first derivative of m**3/3 - m**2 + 3*m - 13. Let u(w) = -2*w - 4. Let h be (-1 + 2)*(1 + -4). Let v be u(h). Calculate q(v).
3
Let f(o) = -o**3 + 2*o**2 + 7*o - 5. Let q be (24/(-3))/(-3 - -1). Calculate f(q).
-9
Suppose -c = 13 - 39. Suppose 22 = -0*d + 4*d - 3*g, -3*g = -5*d + c. Let j(a) = 6*a - 2. Let t(r) = -11*r + 3. Let x(h) = d*t(h) + 7*j(h). Give x(-4).
6
Let v be 1*4 + (4 - 3). Let b(n) = n**3 + 2*n**2 - 10*n + 1. Let m(t) = 3*t**3 + 5*t**2 - 29*t + 2. Let p(y) = -17*b(y) + 6*m(y). Determine p(v).
0
Let k(t) be the second derivative of -4*t + t**2 + 0 - 1/3*t**3. Give k(-2).
6
Let k(t) = t. Suppose 4*r - 46 = 5*q, -4*r + 12 = -4*q - 36. Suppose -5*m = -3*x + 35 - 12, -3*x = 4*m - r. Let v be 2/(-4) - x/(-12). Give k(v).
0
Let h(d) = 2*d**2 - d**3 - 7*d**2 - 9*d - 4 - 3*d**2. Calculate h(-7).
10
Let c = -19 + 41. Let z be (-4)/c - (-72)/33. Let b(y) = -6 - y**2 - y**3 - 4*y - y - 5*y**z + 0*y. Calculate b(-5).
-6
Let m(p) = -p**3 + 8*p**2 + 9*p + 5. Let x be (0 + 2)*(-8)/((-32)/18). Determine m(x).
5
Let l(g) = g + 9. Let v be 30/12*(-24)/(-10). Let t(q) = q**3 - 5*q**2 - 8*q + 6. Let x be t(v). Determine l(x).
3
Let j(o) = -7*o + 7. Let m(r) = -13*r + 13. Let v(x) = -11*j(x) + 6*m(x). What is v(4)?
-3
Let g(k) = k**2 - 19*k - 13. Let x be g(20). Let b(n) = n**3 - 7*n**2 - 2*n + 3. What is b(x)?
-11
Let i(a) be the second derivative of -a**4/12 + a**3/2 + a. Let b be 92/5 - 6/15. Suppose -4*t + b = -3*f, -3*t + 3*f + 12 = -3. Determine i(t).
0
Suppose -8*y - 42 = -29*y. Let m(i) = -i**3 + 3*i**2 - i + 1. Calculate m(y).
3
Let p(s) = s**2 - s - 8. Suppose -2*a + 6 = -5*a. Let j(b) = 2*b**2. Let u be j(-1). Let c = u + a. Determine p(c).
-8
Suppose -5*j = 4*p + 3, -2*p + j - 2*j + 3 = 0. Suppose 7*d = 5*r + p*d - 37, 2*d = 3*r - 21. Suppose r*q - 4 = 1. Let h(o) = -10*o**3 + o**2 - o. Give h(q).
-10
Let d(f) = 7*f**2 + 1. Let w be (22/4)/(1/(-2)). Let y(n) = 13*n**2 + 2. Let b(m) = w*d(m) + 6*y(m). Let s be 2/(-1) - (-1 + -1). Give b(s).
1
Let z(a) be the third derivative of -a**9/60480 - a**8/4032 - a**6/180 + a**5/30 + a**2. Let q(j) be the third derivative of z(j). Calculate q(-5).
-4
Let r(u) = u + 13. Let t be r(-9). Let h(m) = m**2 - m - 5. What is h(t)?
7
Let r(y) = -y**2 + 7*y - 3. Let t be r(4). Let p = t + -5. Let w(s) be the third derivative of -s**6/120 + s**5/12 - 5*s**4/24 + s**3/2 + s**2. Give w(p).
-1
Let t(m) = m - 5. Let s(j) = 1. Let r(h) = s(h) - t(h). What is r(-6)?
12
Let b(n) = -2*n + 3. Let g = 3 + 1. Let d = -1 + g. Determine b(d).
-3
Let o(p) = 3*p + 44. Let h be o(-13). Let n(z) = -z**2 + 6*z - 7. What is n(h)?
-2
Suppose -12*m + 36 = -3*m. Let a(o) = -6 + 0*o - 2*o + o**2 + 1. Calculate a(m).
3
Let p(f) be the second derivative of f**4/3 - f**3/6 + f. Let y be 2 + 54/(-42) + 2/7. What is p(y)?
3
Let x(t) = t**3 + 8*t**2 - 9*t + 4. Let u(w) = 2*w + 3. Let q be u(-6). Give x(q).
4
Let v(l) = l**2 - 78 - 75 - 78 + 237. Let n(x) = x - 4. Let b be n(4). Determine v(b).
6
Let y(o) = o**2 + o. Let n(r) = -10*r**2 - r - 13. Let q(c) = -29*c**2 - 4*c - 38. Let p(m) = 17*n(m) - 6*q(m). Let d(i) = -p(i) + 5*y(i). What is d(5)?
8
Let t = -40 - -40. Let w(b) = -1 - 3*b**2 + 7 + 2*b**2. Give w(t).
6
Let k(q) = 3*q**3 + 4*q**2 - 10*q. Let w(o) = o**3 + o**2 - 3*o. Let j(b) = -2*k(b) + 7*w(b). Determine j(-1).
-1
Let r(m) = m**3 + m**2 - 6*m - 4. Let a(w) = w**3 + w**2 - 5*w - 3. Let j(d) = 6*a(d) - 5*r(d). Suppose k - 20 = -k. Let x = k - 12. What is j(x)?
-2
Let u be 9/((0 + -1)/(-1)). Let k = -5 + u. Let y(z) = z - 4 - z + 1 + 2*z. Determine y(k).
5
Let v be (-4*(0 + -1))/2. Let c(n) = -5728*n**3 + 2*n**2 + 0 + 5727*n**3 + 1. Give c(v).
1
Suppose -4*n + 0*n = -24. Let v(r) = -r**2 + 9*r - 8. What is v(n)?
10
Let u(w) be the second derivative of -w**6/360 + w**5/120 + w**4/12 - 3*w. Let y(i) be the third derivative of u(i). What is y(-4)?
9
Suppose -4*d = -2*q - 8, -5*d - 5 = -3*q - 14. Let i(x) = x**3 - 3*x**2 + x + 1. Determine i(q).
-1
Let h(i) = -21*i**2 + 12 + 5 + 20*i**2. Determine h(0).
17
Let r(a) = -a - 4. Let c be ((20/25)/(1/(-5)))/1. Calculate r(c).
0
Let d(m) = 2*m**3 - 10 + 7*m**2 + m**3 - 6*m**3 + 4*m**3 - 3*m. What is d(-7)?
11
Let y(u) = 2*u**3 - 2*u - 1. Let s be (-12)/20 + 10/(-25). What is y(s)?
-1
Let o(j) = 2*j + 2. Suppose -5*d + 10 + 0 = 0. What is o(d)?
6
Let q(m) be the second derivative of 3*m**3/2 + m**2/2 + 8*m. Calculate q(1).
10
Let g(v) = 5*v**2 - v + 1. Let k be g(1). Let w(y) = 4*y**3 - 2*y**2 + 2*y. Let o(p) = -7*p**3 + 5*p**2 - 5*p + 1. Let z(c) = k*w(c) + 3*o(c). Give z(3).
6
Let a(f) = f**3 - f**2 - f + 3. Let m(j) = 4*j**3 - 3*j**2 - 3*j + 8. Let l(c) = -11*a(c) + 4*m(c). Determine l(-1).
-6
Suppose -k - 18 = -4*k. Let a(i) = -497 + 2*i - i**2 + 5*i + 488. What is a(k)?
-3
Let n(d) = -d**2 + 5*d - 9. Let l be 1/(-4 - (-4 - 3/18)). Calculate n(l).
-15
Let r(z) = 2*z - 3 + 0*z**3 + 0*z**3 - z**3. Let j(l) = -l**3 + 6*l**2 + 4. Let x be j(6). Suppose -3*m + 5*m = -5*t - 1, x*m - 12 = 4*t. Give r(m).
-7
Let l(n) = 4*n**3 - 2*n**2 + 7*n + 10. Let o(x) = -x**3 + x**2 - x - 1. Let p(s) = l(s) + 5*o(s). What is p(4)?
-3
Let p(y) = -8*y**2 - 62 + 62. Let x be (-2)/3 - (-6)/(-18). Determine p(x).
-8
Let p(r) = -r**3 + 10*r**2 - 8*r - 6. Let h be p(9). Suppose -2*m = m - h. Let z(f) = -3*f - 1. What is z(m)?
-4
Let u(b) = -3*b**2 - 3*b - b**2 + 3 + 3*b**2. Suppose 3 = h + 7. What is u(h)?
-1
Let s(t) = t - 6. Let u be s(-9). Let b = 7 + u. Let r = b + 4. Let m(v) = v**2 + 4*v + 5. Give m(r).
5
Let x(n) = 4*n**3 + n**2 - n. Let j = -1 + 1. Suppose -4*t + 7 = g - 14, -3*g - 9 = j. Suppose 4*y - t + 2 = 0. Calculate x(y).
4
Let t(c) be the second derivative of -c**4/3 + c**3/6 + c**2 - 2*c. Let z(i) be the first derivative of t(i). Give z(1).
-7
Suppose 18 = 4*o - o + 3*m, 3*m = 15. Let k(w) = -w**3 - 6*w**2 + 2. Let g be k(-6). Let v(b) = 4*b**g - b - o + b. What is v(-1)?
3
Let v(d) be the second derivative of -d**4/12 + d**3/3 + d**2 + 24*d. What is v(4)?
-6
Let c(s) = 2*s - 3*s + 2 - 3 + 5. What is c(0)?
4
Let a(h) be the third derivative of h**4/24 - h**3/3 - 3*h**2. Let n(r) = -2*r + 4. Let g(i) = 13*a(i) + 6*n(i). What is g(3)?
1
Let j be (5/(-2) - -2)*8. Let r(i) be the second derivative of -i**4/12 - i**3/2 - i**2/2 - 3*i. Calculate r(j).
-5
Let v(l) be the third derivative of -l**4/12 - 2*l**3/3 - 2*l**2. Let j be v(-3). Let z(o) = -o**2 + o + 2. Determine z(j).
0
Let w(h) = 259*h + 357. Let n(y) = 13*y + 18. Let k(d) = 119*n(d) - 6*w(d). Let x be 1 - 0/(0 - -1). Give k(x).
-7
Let i(y) be the first derivative of y**4/4 + y**3 + 3*y**2/2 + 8. Calculate i(-2).
-2
Let j(r) = 3*r**3 - 4*r + 4. Let x(s) be the second derivative of s**5/20 + s**4/12 - s**3/6 + s**2/2 + 3*s. Let l(u) = j(u) - 2*x(u). Determine l(-2).
-10
Let s(b) = b - 4. Suppose 5*o + 11 + 8 = -2*a, 36 = -5*a - o. Let t = a - -10. Suppose 3*k = -3*p, 0*k + k + t*p = 0. Determine s(k).
-4
Let n(o) = -o + 